- -4)?
5
-4 + 12 + (0 - (4 + -1))
5
Evaluate -7 - -8 - -2 - 9.
-6
What is the value of -8 + (-5 - -6) + 8?
1
(-3 - 1) + (2 - (-1 + -1))
0
What is the value of 0 - -2 - -3 - (4 + -2)?
3
Calculate (-11 - -14) + (-2 - -1) - 4.
-2
What is the value of 2 - -3 - (0 - 1)?
6
Calculate (8 - 5) + 6 + -2.
7
-5 + 20 - 7 - 11
-3
Calculate -18 - -24 - (-5 + 11).
0
-3 + 8 + -3 - (2 - -3)
-3
8 + ((-6 - -1) + 2 - 1)
4
Calculate -7 + (-7 + 14 - 1 - -4).
3
1 + (-1 + 2 - (2 - 1))
1
Calculate -9 - (3 - -6 - 10).
-8
What is the value of (5 - 2) + 1 + -1 + -5?
-2
Evaluate 10 + -6 + (2 - (2 + 0)).
4
What is 1 + (-4 - -8) + -6?
-1
What is 1 - 1 - (29 + -31)?
2
Evaluate -3 + -2 + 2 + 8 - 10.
-5
Calculate (-4 + -1 - -3) + 4 + -1.
1
(17 - 5) + -1 + -16
-5
Calculate -5 - ((-7 - -7) + -7).
2
What is the value of (2 - (-6 - -2)) + (-8 - -3)?
1
What is the value of 0 - -3 - (-4 + 2)?
5
Evaluate -6 + 1 + 0 + 1 - -8.
4
Calculate (1 - 1) + 1 + -5.
-4
What is 0 + 4 + -4 + 4?
4
What is (7 - 10) + 1 + 6?
4
What is 6 + (4 - 15) + 0?
-5
2 - (4 + -4) - (0 - -3)
-1
Calculate 5 - (-4 + 1 - -3).
5
What is 14 - 5 - (3 + -1 - -1)?
6
Calculate -3 - (1 + (-1 - 2)).
-1
Calculate (1 + 1 - (-2 - 4)) + -12.
-4
What is (-1 - -1) + (4 - -2) + -6?
0
6 - (-5 + 1 + 6 + -1)
5
What is 6 - ((-1 + 0 - -4) + 10)?
-7
Evaluate 3 + (-4 - -3 - -3).
5
Evaluate 3 - (9 - 2 - 3).
-1
-7 + 5 + (0 - -3) - -3
4
(-10 - -17) + -5 - 3
-1
(-3 - 0) + (15 - 12) + -3
-3
Calculate (5 - (5 - -7)) + 11 + -7.
-3
0 + -3 - -3 - (1 + -1)
0
-9 + 8 + -4 - (0 + -2)
-3
Calculate -5 - (-3 - (6 - 4)).
0
What is the value of (-1 - 1) + 4 + -1 + 0?
1
What is the value of (-7 - -3) + -2 - -3?
-3
0 + 0 - (-5 - (1 - 10))
-4
What is the value of -38 + 31 + (9 - -1) - 0?
3
(-4 + (-3 - -3) - 3) + 13
6
What is the value of -2 + 5 - (-15 - -21)?
-3
6 - (3 - (9 + -4 - 15))
-7
Calculate -10 + 10 - (1 + -5).
4
Evaluate (2 - -2 - 0) + 0.
4
What is the value of 1 + 2 + -4 - (-8 - -3)?
4
What is 10 - (1 - 7 - -7)?
9
Evaluate 0 + -1 + (7 - 3 - -2).
5
What is -5 + 3 + 1 + -4 + 10?
5
What is -5 + (4 - 0) + 3?
2
What is the value of -10 + -1 + (4 - -2)?
-5
Evaluate 8 + -9 + -3 + -1 + 7.
2
Calculate -1 + 2 - (-4 - (0 + -8)).
-3
What is -5 + (5 + -6 - -8 - 7)?
-5
-10 - -24 - 10 - -6
10
Calculate (5 - 19) + 13 - (2 - -5).
-8
What is the value of (-19 + 7 + 1 - -8) + 10?
7
Calculate -2 + 0 + (2 - 7 - -7).
0
Calculate 0 - -2 - (14 + -11) - -6.
5
What is the value of -5 + 4 + (-2 - 9) + 5?
-7
Calculate -5 - (-1 + -4 + 6 + -3).
-3
-1 + 1 + 3 + -2 - -4
5
What is (3 - (2 + (2 - -1))) + -1?
-3
Calculate (-6 + -1 - -14) + -10.
-3
Evaluate -4 - (2 + -4) - 3.
-5
Calculate 0 + 1 - (-15 + 19).
-3
-7 + (21 - (-1 - (-6 - -1)))
10
What is (0 - 3) + (-66 - -63)?
-6
What is the value of 2 + 1 + 14 + (-13 - 8)?
-4
Evaluate (-2 - -3) + -2 - -1.
0
Evaluate 1 + 1 + -8 - (76 + -83).
1
What is the value of -1 - ((-2 - -7) + (-2 - -1))?
-5
Evaluate (1 + -1 - 4) + 5.
1
Calculate -4 - 0 - ((8 - 6) + 1).
-7
What is 3 + -7 - (-4 - -3)?
-3
What is the value of -12 + -2 - -7 - -5?
-2
Calculate (-1 - 1) + 3 + -5 - -2.
-2
-1 - ((4 - 16) + 8)
3
What is the value of -2 + 0 - (0 - 0) - 4?
-6
What is 0 - -5 - 5 - (4 - 2)?
-2
(6 - 6 - (8 - 0)) + 18
10
Evaluate -3 + 2 - (-10 - -15).
-6
2 + 1 + -1 + -1
1
What is the value of -1 + -4 - (20 + -26)?
1
Calculate (-4 - 0) + (-68 - -66).
-6
Evaluate -2 - (-9 - -4 - -4).
-1
What is the value of 11 + -2 + -4 - 7?
-2
Evaluate -13 - (-1 + 2 + (-2 - 5)).
-7
Evaluate 8 - (12 - 1 - 1).
-2
Calculate 13 + (6 - (28 - 13)).
4
Evaluate (-108 - -107) + 7 + 1.
7
Evaluate -6 - ((-4 - -5) + -6).
-1
Calculate -2 + 5 - (-14 - -11).
6
Calculate (-5 - -6) + -7 - (2 + 1).
-9
What is the value of (-1 + -3 - (-1 + -1)) + 0?
-2
What is the value of 5 - (-6 - -5) - 1?
5
Evaluate -3 - (0 + (4 - (2 + 6))).
1
Calculate (-5 - 2) + (2 - 5).
-10
What is -10 + 6 + 3 - 0?
-1
(-8 + 4 - -2) + -2
-4
Evaluate -3 - (2 - (3 - (2 + 0))).
-4
What is 4 + -1 + -2 + 3 + -3?
1
What is -3 + (1 - -3) - (6 - -1)?
-6
Calculate (-13 - (-11 + 2)) + 9.
5
Calculate 9 + 7 + -23 + 6.
-1
-5 - (6 + -7 - 11)
7
6 + -12 - (-1 + -10 - 2)
7
What is -1 + 0 - (0 - (-5 - -4))?
-2
(0 - -4 - 8) + 1
-3
(3 - 1) + (-13 - -8) + 0
-3
What is the value of -4 - (-1 - 3) - -1?
1
What is (-6 - -1) + 4 + -6?
-7
Calculate (-20 - -26) + (-5 - -6).
7
What is the value of -7 + (6 - 1) + 4?
2
Evaluate (11 - 2) + 8 + -24.
-7
Evaluate (4 - (0 - (-16 - -2))) + 4.
-6
Calculate 13 + -9 + -3 + -5 + -2.
-6
What is (-1 - -1) + -6 + (3 - -2)?
-1
Calculate 0 + 3 + (-2 - 1) + 1.
1
Evaluate 5 + -3 + -7 + 7.
2
Calculate -9 + (10 - (2 - 0)).
-1
Evaluate 0 + -2 + 5 + -4.
-1
Calculate 8 + -6 - 5 - (7 - 5).
-5
Evaluate -12 - (-4 - (13 + -10)).
-5
What is 1 + (4 - 2) - 0 - 8?
-5
What is the value of 2 + -6 + -2 + 5 + -4?
-5
Calculate (7 - (5 + -6)) + 1 - 6.
3
Calculate 4 - (-3 + (-4 - (-8 - -3))).
6
Evaluate 2 + -2 + -2 + -1.
-3
Calculate (-1 - 1 - -6) + (21 - 23).
2
Evaluate -1 + (1 - ((-4 - -4) + 0)).
0
9 - (4 + -3 + 17)
-9
What is the value of -2 + -6 + 6 + (-2 - 0)?
-4
What is the value of 0 + -4 + -1 + 3?
-2
What is 0 + (-3 - -5) + 5 + -3?
4
What is the value of 4 + (-21 + (-1 - -6) - -8)?
-4
Calculate (4 - 6 - 1) + -1.
-4
Calculate (1 - -6) + 3 + 2 + -8.
4
-5 + -6 + 8 - 1
-4
Evaluate -1 + (6 - 2) + (-11 - -7).
-1
Calculate (3 - (-3 + (6 - 11))) + -8.
3
What is 4 + (0 - (1 - 2)) - 0?
5
Evaluate (37 - 23) + (-17 - 4).
-7
Evaluate -6 + (-3 - -13) + (-1 - -1).
4
-2 - -8 - 5 - (-1 - -2)
0
Evaluate 4 + (-4 - (-8 - -11)).
-3
-3 + (-1 - 1) - (3 + -7)
-1
(-1 - -6) + 2 - 4
3
Calculate 5 + -1 - 10 - -6.
0
Calculate -1 - (-5 + 4 - -2) - 5.
-7
0 - -4 - (-9 - -10)
3
Evaluate -15 + 6 + -6 + 10.
-5
What is the value of (-1 - (4 - -6)) + 9?
-2
Evaluate 9 - (9 + (-6 - -6) - 3).
3
Calculate 6 + 0 - (1 + 1).
4
(2 - 3) + 0 + 3 + -3
-1
Evaluate (-1 - 8) + (81 - 78).
-6
Calculate -1 + 2 + -2 - (-3 + 2).
0
Evaluate 5 + -6 + 0 + (1 - -2).
2
Calculate (3 - (2 + -4)) + -8.
-3
Calculate 6 + (1 - 9) - -2.
0
What is -7 + 9 + -1 + 1?
2
Evaluate -2 + -1 - (-4 + 5 + -3).
-1
What is 7 + (0 - -1 - 3)?
5
Calculate -18 + 28 - (1 - -3).
6
Calculate 2 + (-2 - 5 - -3).
-2
Calculate (0 + 1 - -6) + -8.
-1
What is (-2 - -7) + -7 + 1 + -3?
-4
What is -1 - (0 + 2) - -1?
-2
Evaluate 5 + (-16 - -7) + 6 + 7.
9
Calculate -2 + (6 - 0) - (-61 - -60).
5
What is the value of (-6 - (-9 - -5)) + -3?
-5
Evaluate -9 + -1 + 2 + 14.
6
What is the value of 3 + 5 + -5 + -6?
-3
What is the value of -6 + (-1 - -13 - 1)?
5
Calculate (4 - (2 + 5 + -1)) + -5.
-7
Calculate 1 + -4 + (-3 - -8).
2
What is the value of -1 + 5 - (2 + 2) - -4?
4
What is the value of (-1 - (-3 - -4)) + 3?
1
Evaluate 5 + -9 - (-1 - (4 + 1)).
2
Calculate 8 + (-5 - (3 - 1)) + -1.
0
Evaluate -5 - (-8 + -6 + 13).
-4
Calculate -2 - (0 - 3) - 5.
-4
3 - (-6 + 13 + -5)
1
What is -8 + (8 - 9) - -7?
-2
2 + (3 - (4 + 0)) - 3
-2
What is the value of (0 - -2) + (-2 - 3)?
-3
Evaluate 1 - 2 - ((5 - -3) + -5).
-4
What is (-9 - -4 - 1) + 2 + 2?
-2
Evaluate -3 - -2 - (-10 + 4).
5
0 + 0 - -1 - (23 - 26)
4
Evaluate -1 + 2 + 8 + -9.
0
Evaluate 11 + -16 + (1 - 0).
-4
What is the value of 4 + (-3 - (-6 - -9))?
-2
What is -3 + 3 + 2 + -7?
-5
What is -1 - (-3 - -1) - (0 - 1)?
2
What is the value of 0 + -2 - (-3 + -2 + -2)?
5
What is the value of 1 - -2 - (-2 + 9)?
-4
9 + -7 + -9 + 14
7
What is the value of 0 - (4 + -6 - (2 + 2))?
6
What is 1 + 9 + (-5 - 0)?
5
What is the value of -1 + 1 - (4 - 2) - -3?
1
Evaluate 8 - (6 - (10 + -6)).
6
Evaluate 0 + -8 - (-5 + -2).
-1
What is the value of (-3 - -2) + (20 - 22)?
-3
Calculate 8 + -3 + -8 + 2.
-1
Evaluate (-12 - -29) + -15 - (-8 + 2).
8
What is the value of (-4 - (-5 - -6)) + 1 + 2?
-2
Calculate -1 - (-2 + 8 + -7) - -5.
5
Calculate -5 + -6 + (5 - 3 - -3).
-6
What is the value of 1 + 4 + (-3 - 2)?
0
What is the value of (-63 - -68) + -9 + 1?
-3
-13 + 10 - (1 + -2)
-2
Evaluate (2 - 7) + (-3 - -9).
1
What is -3 - -4 - (-2 - -7)?
-4
What is 8 + 1 + 0 + (11 - 15)?
5
Calculate -1 + (9 - 3) + -3 + 1.
3
Evaluate -3 - (4 + 4 + (3 - 5)).
-9
Evaluate -11 - -9 - ((-1 - 1) + -4).
4
(18 - 0) + (-20 - -19) + -6
11
What is the value of -2 + 2 - -1 - (-4 + 4)?
1
Calculate 1 - 5 - (1 - -1).
-6
-7 - (-13 + 7 + -2)
1
Calculate (1 - (3 - -1)) + 5.
2
What is the value of -4 + 3 - (1 + 2 + -2)?
-2
Calculate 2 - 6 - (-5 + 3 + -1).
